{"id":1059,"date":"2018-01-28T18:25:38","date_gmt":"2018-01-28T18:25:38","guid":{"rendered":"http:\/\/scoelde09.de\/wp-content\/uploads\/2018\/01\/Glocke-Artikel-\u00fcber-die-Ballnacht-zum-75.-Jubil\u00e4um.jpg"},"modified":"2018-01-28T18:25:38","modified_gmt":"2018-01-28T18:25:38","slug":"glocke-artikel-ueber-die-ballnacht-zum-75-jubilaeum","status":"inherit","type":"attachment","link":"http:\/\/scoelde09.de\/?attachment_id=1059","title":{"rendered":"Glocke-Artikel \u00fcber die Ballnacht zum 75. Jubil\u00e4um"},"author":1,"featured_media":0,"comment_status":"open","ping_status":"closed","template":"","meta":[],"class_list":["post-1059","attachment","type-attachment","status-inherit","hentry"],"description":{"rendered":"<p class=\"attachment\"><a href='http:\/\/scoelde09.de\/wp-content\/uploads\/2018\/01\/Glocke-Artikel-\u00fcber-die-Ballnacht-zum-75.-Jubil\u00e4um.jpg'><img loading=\"lazy\" decoding=\"async\" width=\"300\" height=\"138\" src=\"http:\/\/scoelde09.de\/wp-content\/uploads\/2018\/01\/Glocke-Artikel-\u00fcber-die-Ballnacht-zum-75.-Jubil\u00e4um-300x138.jpg\" class=\"attachment-medium size-medium\" alt=\"\" srcset=\"http:\/\/scoelde09.de\/wp-content\/uploads\/2018\/01\/Glocke-Artikel-\u00fcber-die-Ballnacht-zum-75.-Jubil\u00e4um-300x138.jpg 300w, http:\/\/scoelde09.de\/wp-content\/uploads\/2018\/01\/Glocke-Artikel-\u00fcber-die-Ballnacht-zum-75.-Jubil\u00e4um-768x352.jpg 768w, http:\/\/scoelde09.de\/wp-content\/uploads\/2018\/01\/Glocke-Artikel-\u00fcber-die-Ballnacht-zum-75.-Jubil\u00e4um-1024x469.jpg 1024w, http:\/\/scoelde09.de\/wp-content\/uploads\/2018\/01\/Glocke-Artikel-\u00fcber-die-Ballnacht-zum-75.-Jubil\u00e4um-1200x550.jpg 1200w, http:\/\/scoelde09.de\/wp-content\/uploads\/2018\/01\/Glocke-Artikel-\u00fcber-die-Ballnacht-zum-75.-Jubil\u00e4um.jpg 1732w\" sizes=\"auto, (max-width: 300px) 85vw, 300px\" \/><\/a><\/p>\n"},"caption":{"rendered":""},"alt_text":"","media_type":"image","mime_type":"image\/jpeg","media_details":{"width":1732,"height":794,"file":"2018\/01\/Glocke-Artikel-\u00fcber-die-Ballnacht-zum-75.-Jubil\u00e4um.jpg","sizes":{"thumbnail":{"file":"Glocke-Artikel-\u00fcber-die-Ballnacht-zum-75.-Jubil\u00e4um-150x150.jpg","width":150,"height":150,"mime_type":"image\/jpeg","source_url":"http:\/\/scoelde09.de\/wp-content\/uploads\/2018\/01\/Glocke-Artikel-\u00fcber-die-Ballnacht-zum-75.-Jubil\u00e4um-150x150.jpg"},"medium":{"file":"Glocke-Artikel-\u00fcber-die-Ballnacht-zum-75.-Jubil\u00e4um-300x138.jpg","width":300,"height":138,"mime_type":"image\/jpeg","source_url":"http:\/\/scoelde09.de\/wp-content\/uploads\/2018\/01\/Glocke-Artikel-\u00fcber-die-Ballnacht-zum-75.-Jubil\u00e4um-300x138.jpg"},"medium_large":{"file":"Glocke-Artikel-\u00fcber-die-Ballnacht-zum-75.-Jubil\u00e4um-768x352.jpg","width":768,"height":352,"mime_type":"image\/jpeg","source_url":"http:\/\/scoelde09.de\/wp-content\/uploads\/2018\/01\/Glocke-Artikel-\u00fcber-die-Ballnacht-zum-75.-Jubil\u00e4um-768x352.jpg"},"large":{"file":"Glocke-Artikel-\u00fcber-die-Ballnacht-zum-75.-Jubil\u00e4um-1024x469.jpg","width":1024,"height":469,"mime_type":"image\/jpeg","source_url":"http:\/\/scoelde09.de\/wp-content\/uploads\/2018\/01\/Glocke-Artikel-\u00fcber-die-Ballnacht-zum-75.-Jubil\u00e4um-1024x469.jpg"},"post-thumbnail":{"file":"Glocke-Artikel-\u00fcber-die-Ballnacht-zum-75.-Jubil\u00e4um-1200x550.jpg","width":1200,"height":550,"mime_type":"image\/jpeg","source_url":"http:\/\/scoelde09.de\/wp-content\/uploads\/2018\/01\/Glocke-Artikel-\u00fcber-die-Ballnacht-zum-75.-Jubil\u00e4um-1200x550.jpg"},"full":{"file":"Glocke-Artikel-\u00fcber-die-Ballnacht-zum-75.-Jubil\u00e4um.jpg","width":1732,"height":794,"mime_type":"image\/jpeg","source_url":"http:\/\/scoelde09.de\/wp-content\/uploads\/2018\/01\/Glocke-Artikel-\u00fcber-die-Ballnacht-zum-75.-Jubil\u00e4um.jpg"}},"image_meta":{"aperture":"0","credit":"","camera":"","caption":"","created_timestamp":"0","copyright":"","focal_length":"0","iso":"0","shutter_speed":"0","title":"","orientation":"0","keywords":[]}},"post":307,"source_url":"http:\/\/scoelde09.de\/wp-content\/uploads\/2018\/01\/Glocke-Artikel-\u00fcber-die-Ballnacht-zum-75.-Jubil\u00e4um.jpg","_links":{"self":[{"href":"http:\/\/scoelde09.de\/index.php?rest_route=\/wp\/v2\/media\/1059","targetHints":{"allow":["GET"]}}],"collection":[{"href":"http:\/\/scoelde09.de\/index.php?rest_route=\/wp\/v2\/media"}],"about":[{"href":"http:\/\/scoelde09.de\/index.php?rest_route=\/wp\/v2\/types\/attachment"}],"author":[{"embeddable":true,"href":"http:\/\/scoelde09.de\/index.php?rest_route=\/wp\/v2\/users\/1"}],"replies":[{"embeddable":true,"href":"http:\/\/scoelde09.de\/index.php?rest_route=%2Fwp%2Fv2%2Fcomments&post=1059"}],"wp:attached-to":[{"embeddable":true,"post_type":"page","id":307,"href":"http:\/\/scoelde09.de\/index.php?rest_route=\/wp\/v2\/pages\/307"}],"curies":[{"name":"wp","href":"https:\/\/api.w.org\/{rel}","templated":true}]}}

http://scoelde09.de/wp-content/uploads/2018/01/Glocke-Artikel-über-die-Ballnacht-zum-75.-Jubiläum.jpg

Glocke-Artikel über die Ballnacht zum 75. Jubiläum

<p class="attachment"><a href='http://scoelde09.de/wp-content/uploads/2018/01/Glocke-Artikel-über-die-Ballnacht-zum-75.-Jubiläum.jpg'><img loading="lazy" decoding="async" width="300" height="138" src="http://scoelde09.de/wp-content/uploads/2018/01/Glocke-Artikel-über-die-Ballnacht-zum-75.-Jubiläum-300x138.jpg" class="attachment-medium size-medium" alt="" srcset="http://scoelde09.de/wp-content/uploads/2018/01/Glocke-Artikel-über-die-Ballnacht-zum-75.-Jubiläum-300x138.jpg 300w, http://scoelde09.de/wp-content/uploads/2018/01/Glocke-Artikel-über-die-Ballnacht-zum-75.-Jubiläum-768x352.jpg 768w, http://scoelde09.de/wp-content/uploads/2018/01/Glocke-Artikel-über-die-Ballnacht-zum-75.-Jubiläum-1024x469.jpg 1024w, http://scoelde09.de/wp-content/uploads/2018/01/Glocke-Artikel-über-die-Ballnacht-zum-75.-Jubiläum-1200x550.jpg 1200w, http://scoelde09.de/wp-content/uploads/2018/01/Glocke-Artikel-über-die-Ballnacht-zum-75.-Jubiläum.jpg 1732w" sizes="auto, (max-width: 300px) 85vw, 300px" /></a></p>

2018/01/Glocke-Artikel-über-die-Ballnacht-zum-75.-Jubiläum.jpg

Glocke-Artikel-über-die-Ballnacht-zum-75.-Jubiläum-150x150.jpg

http://scoelde09.de/wp-content/uploads/2018/01/Glocke-Artikel-über-die-Ballnacht-zum-75.-Jubiläum-150x150.jpg

Glocke-Artikel-über-die-Ballnacht-zum-75.-Jubiläum-300x138.jpg

http://scoelde09.de/wp-content/uploads/2018/01/Glocke-Artikel-über-die-Ballnacht-zum-75.-Jubiläum-300x138.jpg

Glocke-Artikel-über-die-Ballnacht-zum-75.-Jubiläum-768x352.jpg

http://scoelde09.de/wp-content/uploads/2018/01/Glocke-Artikel-über-die-Ballnacht-zum-75.-Jubiläum-768x352.jpg

Glocke-Artikel-über-die-Ballnacht-zum-75.-Jubiläum-1024x469.jpg

http://scoelde09.de/wp-content/uploads/2018/01/Glocke-Artikel-über-die-Ballnacht-zum-75.-Jubiläum-1024x469.jpg

Glocke-Artikel-über-die-Ballnacht-zum-75.-Jubiläum-1200x550.jpg

http://scoelde09.de/wp-content/uploads/2018/01/Glocke-Artikel-über-die-Ballnacht-zum-75.-Jubiläum-1200x550.jpg

Glocke-Artikel-über-die-Ballnacht-zum-75.-Jubiläum.jpg
